{"id":5381,"date":"2024-09-05T16:49:21","date_gmt":"2024-09-05T16:49:21","guid":{"rendered":"https:\/\/geartips.com\/greenhub\/?page_id=5381"},"modified":"2024-09-05T20:14:21","modified_gmt":"2024-09-05T20:14:21","slug":"relatorio-impacto-socioambiental","status":"publish","type":"page","link":"https:\/\/geartips.com\/greenhub\/relatorio-impacto-socioambiental\/","title":{"rendered":"Relat\u00f3rio Impacto Socioambiental"},"content":{"rendered":"\t\t<div data-elementor-type=\"wp-page\" data-elementor-id=\"5381\" class=\"elementor elementor-5381\" data-elementor-post-type=\"page\">\n\t\t\t\t<div data-dce-background-color=\"#ECECEC\" data-dce-background-overlay-color=\"#00000000\" data-dce-background-image-url=\"https:\/\/geartips.com\/greenhub\/wp-content\/uploads\/sites\/2\/2024\/09\/relatorio-ambiental.jpg\" class=\"elementor-element elementor-element-7607c542 e-flex e-con-boxed e-con e-parent\" data-id=\"7607c542\" data-element_type=\"container\" data-e-type=\"container\" data-settings=\"{&quot;background_background&quot;:&quot;classic&quot;}\">\n\t\t\t\t\t<div class=\"e-con-inner\">\n\t\t<div class=\"elementor-element elementor-element-39c26a2d e-con-full e-flex e-con e-child\" data-id=\"39c26a2d\" data-element_type=\"container\" data-e-type=\"container\">\n\t\t<div class=\"elementor-element elementor-element-7c61eab5 e-flex e-con-boxed e-con e-child\" data-id=\"7c61eab5\" data-element_type=\"container\" data-e-type=\"container\">\n\t\t\t\t\t<div class=\"e-con-inner\">\n\t\t\t\t<div data-dce-title-color=\"#FFFFFF\" class=\"elementor-element elementor-element-4a31b325 elementor-widget elementor-widget-heading\" data-id=\"4a31b325\" data-element_type=\"widget\" data-e-type=\"widget\" data-widget_type=\"heading.default\">\n\t\t\t\t<div class=\"elementor-widget-container\">\n\t\t\t\t\t<h1 class=\"elementor-heading-title elementor-size-default\">Relat\u00f3rio Socioambiental Gear Tips<\/h1>\t\t\t\t<\/div>\n\t\t\t\t<\/div>\n\t\t\t\t<div data-dce-title-color=\"#FFFFFF\" class=\"elementor-element elementor-element-31425f30 elementor-widget elementor-widget-heading\" data-id=\"31425f30\" data-element_type=\"widget\" data-e-type=\"widget\" data-widget_type=\"heading.default\">\n\t\t\t\t<div class=\"elementor-widget-container\">\n\t\t\t\t\t<h2 class=\"elementor-heading-title elementor-size-default\">Transpar\u00eancia e Compromisso com o Futuro<\/h2>\t\t\t\t<\/div>\n\t\t\t\t<\/div>\n\t\t\t\t\t<\/div>\n\t\t\t\t<\/div>\n\t\t<div class=\"elementor-element elementor-element-2982ce0d e-con-full e-flex e-con e-child\" data-id=\"2982ce0d\" data-element_type=\"container\" data-e-type=\"container\">\n\t\t<div class=\"elementor-element elementor-element-64363574 e-con-full e-flex e-con e-child\" data-id=\"64363574\" data-element_type=\"container\" data-e-type=\"container\">\n\t\t\t\t<div data-dce-text-color=\"#FFFFFF\" class=\"elementor-element elementor-element-41eef004 elementor-widget elementor-widget-text-editor\" data-id=\"41eef004\" data-element_type=\"widget\" data-e-type=\"widget\" data-widget_type=\"text-editor.default\">\n\t\t\t\t<div class=\"elementor-widget-container\">\n\t\t\t\t\t\t\t\t\t<p>No Gear Tips Outdoor, nossa miss\u00e3o vai al\u00e9m de promover a pr\u00e1tica de atividades ao ar livre como camping, hiking, trekking e trail running. Desde nossa funda\u00e7\u00e3o, em 2016, temos nos dedicado a cultivar um estilo de vida sustent\u00e1vel, capacitando nossa comunidade com conhecimentos essenciais e conectando-os a uma ampla rede de profissionais e parceiros. Acreditamos que atrav\u00e9s da educa\u00e7\u00e3o e do envolvimento comunit\u00e1rio, podemos garantir que as atividades ao ar livre sejam realizadas de forma segura, divertida e, principalmente, sustent\u00e1vel..<\/p>\t\t\t\t\t\t\t\t<\/div>\n\t\t\t\t<\/div>\n\t\t\t\t<div class=\"elementor-element elementor-element-378101d2 elementor-align-left elementor-mobile-align-center elementor-tablet-align-left elementor-widget elementor-widget-button\" data-id=\"378101d2\" data-element_type=\"widget\" data-e-type=\"widget\" data-widget_type=\"button.default\">\n\t\t\t\t<div class=\"elementor-widget-container\">\n\t\t\t\t\t\t\t\t\t<div class=\"elementor-button-wrapper\">\n\t\t\t\t\t<a class=\"elementor-button elementor-button-link elementor-size-md\" href=\"https:\/\/geartips.com\/greenhub\/relatorio-2016-2023\">\n\t\t\t\t\t\t<span class=\"elementor-button-content-wrapper\">\n\t\t\t\t\t\t<span class=\"elementor-button-icon\">\n\t\t\t\t\t\t\t<\/span>\n\t\t\t\t\t\t\t\t\t<span class=\"elementor-button-text\">VEJA O RELAT\u00d3RIO 2016 - 2023<\/span>\n\t\t\t\t\t<\/span>\n\t\t\t\t\t<\/a>\n\t\t\t\t<\/div>\n\t\t\t\t\t\t\t\t<\/div>\n\t\t\t\t<\/div>\n\t\t\t\t<\/div>\n\t\t<div class=\"elementor-element elementor-element-199b0951 e-con-full elementor-hidden-tablet elementor-hidden-mobile e-flex e-con e-child\" data-id=\"199b0951\" data-element_type=\"container\" data-e-type=\"container\">\n\t\t\t\t<\/div>\n\t\t\t\t<\/div>\n\t\t\t\t<\/div>\n\t\t\t\t\t<\/div>\n\t\t\t\t<\/div>\n\t\t<div class=\"elementor-element elementor-element-eba6b3b e-flex e-con-boxed e-con e-parent\" data-id=\"eba6b3b\" data-element_type=\"container\" data-e-type=\"container\">\n\t\t\t\t\t<div class=\"e-con-inner\">\n\t\t\t\t<div class=\"elementor-element elementor-element-51bf4a8 elementor-widget elementor-widget-heading\" data-id=\"51bf4a8\" data-element_type=\"widget\" data-e-type=\"widget\" data-widget_type=\"heading.default\">\n\t\t\t\t<div class=\"elementor-widget-container\">\n\t\t\t\t\t<h3 class=\"elementor-heading-title elementor-size-default\">Um Marco na Ind\u00fastria Outdoor<\/h3>\t\t\t\t<\/div>\n\t\t\t\t<\/div>\n\t\t\t\t<div class=\"elementor-element elementor-element-c665b06 elementor-widget elementor-widget-text-editor\" data-id=\"c665b06\" data-element_type=\"widget\" data-e-type=\"widget\" data-widget_type=\"text-editor.default\">\n\t\t\t\t<div class=\"elementor-widget-container\">\n\t\t\t\t\t\t\t\t\t<p>Em 2024, marcamos um importante passo na nossa jornada: o lan\u00e7amento do primeiro Relat\u00f3rio Socioambiental desenvolvido por uma empresa brasileira do setor outdoor. Este documento n\u00e3o apenas destaca nossas a\u00e7\u00f5es e impactos desde a nossa funda\u00e7\u00e3o, como estabelece um compromisso cont\u00ednuo com a transpar\u00eancia e a melhoria cont\u00ednua. O relat\u00f3rio detalha como nossas iniciativas alinham-se com os Objetivos de Desenvolvimento Sustent\u00e1vel (ODS) da ONU, e como cada a\u00e7\u00e3o contribui para um planeta mais sustent\u00e1vel.<\/p>\t\t\t\t\t\t\t\t<\/div>\n\t\t\t\t<\/div>\n\t\t\t\t<div class=\"elementor-element elementor-element-d08c57d elementor-widget elementor-widget-heading\" data-id=\"d08c57d\" data-element_type=\"widget\" data-e-type=\"widget\" data-widget_type=\"heading.default\">\n\t\t\t\t<div class=\"elementor-widget-container\">\n\t\t\t\t\t<h3 class=\"elementor-heading-title elementor-size-default\">M\u00e9todo de Trabalho e Compromisso com os ODS<\/h3>\t\t\t\t<\/div>\n\t\t\t\t<\/div>\n\t\t\t\t<div class=\"elementor-element elementor-element-f039031 elementor-widget elementor-widget-text-editor\" data-id=\"f039031\" data-element_type=\"widget\" data-e-type=\"widget\" data-widget_type=\"text-editor.default\">\n\t\t\t\t<div class=\"elementor-widget-container\">\n\t\t\t\t\t\t\t\t\t<p>Para a elabora\u00e7\u00e3o deste relat\u00f3rio, realizamos um estudo detalhado dos objetivos e metas da Agenda 2030. Identificamos oito ODS onde a Gear Tips tem atua\u00e7\u00e3o direta e mapeamos dezesseis metas que nossas atividades impactam, direta ou indiretamente. Este diagn\u00f3stico nos permite n\u00e3o s\u00f3 entender o impacto de nossas a\u00e7\u00f5es, como tamb\u00e9m direcionar futuras iniciativas de forma mais eficaz.<\/p><p>Nosso relat\u00f3rio n\u00e3o \u00e9 apenas um documento; \u00e9 uma base de conhecimento que suporta decis\u00f5es estrat\u00e9gicas e inspira outras organiza\u00e7\u00f5es do setor a seguir um caminho similar. Com isso, esperamos contribuir para o desenvolvimento de uma cultura de atividades ao ar livre que seja t\u00e9cnica, humana e ecologicamente consciente.<\/p>\t\t\t\t\t\t\t\t<\/div>\n\t\t\t\t<\/div>\n\t\t\t\t<div class=\"elementor-element elementor-element-556eec1 elementor-widget elementor-widget-heading\" data-id=\"556eec1\" data-element_type=\"widget\" data-e-type=\"widget\" data-widget_type=\"heading.default\">\n\t\t\t\t<div class=\"elementor-widget-container\">\n\t\t\t\t\t<h3 class=\"elementor-heading-title elementor-size-default\">Um Convite \u00e0 Comunidade Outdoor<\/h3>\t\t\t\t<\/div>\n\t\t\t\t<\/div>\n\t\t\t\t<div class=\"elementor-element elementor-element-6b80bf7 elementor-widget elementor-widget-text-editor\" data-id=\"6b80bf7\" data-element_type=\"widget\" data-e-type=\"widget\" data-widget_type=\"text-editor.default\">\n\t\t\t\t<div class=\"elementor-widget-container\">\n\t\t\t\t\t\t\t\t\t<p>Convidamos todos os entusiastas de atividades ao ar livre, parceiros e o p\u00fablico em geral a acessar nosso Relat\u00f3rio Socioambiental. Ao compreender melhor nossas a\u00e7\u00f5es e o impacto delas, voc\u00ea pode se juntar a n\u00f3s neste movimento de preserva\u00e7\u00e3o ambiental e promo\u00e7\u00e3o de pr\u00e1ticas sustent\u00e1veis. Este documento \u00e9 um testemunho do nosso compromisso com um futuro melhor e mais sustent\u00e1vel para todos, refletindo nossa responsabilidade n\u00e3o apenas com as presentes, mas com as futuras gera\u00e7\u00f5es.<\/p><p>Explore nosso relat\u00f3rio, participe de nossas iniciativas e ajude-nos a moldar um mundo onde o respeito ao meio ambiente anda de m\u00e3os dadas com a aventura e a descoberta.<\/p>\t\t\t\t\t\t\t\t<\/div>\n\t\t\t\t<\/div>\n\t\t\t\t<div class=\"elementor-element elementor-element-e45d2d6 elementor-align-left elementor-mobile-align-center elementor-tablet-align-left elementor-widget elementor-widget-button\" data-id=\"e45d2d6\" data-element_type=\"widget\" data-e-type=\"widget\" data-widget_type=\"button.default\">\n\t\t\t\t<div class=\"elementor-widget-container\">\n\t\t\t\t\t\t\t\t\t<div class=\"elementor-button-wrapper\">\n\t\t\t\t\t<a class=\"elementor-button elementor-button-link elementor-size-md\" href=\"https:\/\/geartips.com\/greenhub\/relatorio-2016-2023\" target=\"_blank\">\n\t\t\t\t\t\t<span class=\"elementor-button-content-wrapper\">\n\t\t\t\t\t\t<span class=\"elementor-button-icon\">\n\t\t\t\t\t\t\t<\/span>\n\t\t\t\t\t\t\t\t\t<span class=\"elementor-button-text\">VEJA O RELAT\u00d3RIO 2016 - 2023<\/span>\n\t\t\t\t\t<\/span>\n\t\t\t\t\t<\/a>\n\t\t\t\t<\/div>\n\t\t\t\t\t\t\t\t<\/div>\n\t\t\t\t<\/div>\n\t\t\t\t\t<\/div>\n\t\t\t\t<\/div>\n\t\t\t\t<\/div>\n\t\t","protected":false},"excerpt":{"rendered":"<p>Relat\u00f3rio Socioambiental Gear Tips Transpar\u00eancia e Compromisso com o Futuro No Gear Tips Outdoor, nossa miss\u00e3o vai al\u00e9m de promover a pr\u00e1tica de atividades ao ar livre como camping, hiking, trekking e trail running. Desde nossa funda\u00e7\u00e3o, em 2016, temos nos dedicado a cultivar um estilo de vida sustent\u00e1vel, capacitando nossa comunidade com conhecimentos essenciais [&hellip;]<\/p>\n","protected":false},"author":3,"featured_media":0,"parent":0,"menu_order":0,"comment_status":"closed","ping_status":"closed","template":"","meta":{"_acf_changed":false,"footnotes":""},"class_list":["post-5381","page","type-page","status-publish","hentry"],"blocksy_meta":[],"acf":[],"publishpress_future_workflow_manual_trigger":{"enabledWorkflows":[]},"_links":{"self":[{"href":"https:\/\/geartips.com\/greenhub\/wp-json\/wp\/v2\/pages\/5381","targetHints":{"allow":["GET"]}}],"collection":[{"href":"https:\/\/geartips.com\/greenhub\/wp-json\/wp\/v2\/pages"}],"about":[{"href":"https:\/\/geartips.com\/greenhub\/wp-json\/wp\/v2\/types\/page"}],"author":[{"embeddable":true,"href":"https:\/\/geartips.com\/greenhub\/wp-json\/wp\/v2\/users\/3"}],"replies":[{"embeddable":true,"href":"https:\/\/geartips.com\/greenhub\/wp-json\/wp\/v2\/comments?post=5381"}],"version-history":[{"count":5,"href":"https:\/\/geartips.com\/greenhub\/wp-json\/wp\/v2\/pages\/5381\/revisions"}],"predecessor-version":[{"id":5434,"href":"https:\/\/geartips.com\/greenhub\/wp-json\/wp\/v2\/pages\/5381\/revisions\/5434"}],"wp:attachment":[{"href":"https:\/\/geartips.com\/greenhub\/wp-json\/wp\/v2\/media?parent=5381"}],"curies":[{"name":"wp","href":"https:\/\/api.w.org\/{rel}","templated":true}]}}